at is the tens digit of p?
1
Let w = 0 - 6. Let c(q) be the first derivative of q**3/3 + 3*q**2 + 8*q + 1. What is the units digit of c(w)?
8
Suppose -15 = 4*m + 125. Let g = m + 56. What is the units digit of g?
1
Let f(w) = -w**3 - 7*w**2 + 7. Let t be f(-7). Suppose -t*v + 4*v + 120 = 0. What is the tens digit of v?
4
Let f = -5 + 8. Suppose 2*d - f*q + 5 - 2 = 0, d - 2*q = 0. What is the tens digit of (-56)/(-4) + d/2?
1
Suppose 3*p + 2*p = 20. Suppose 3*h = p*t + 13, -4*h + 27 - 3 = -2*t. What is the units digit of h?
7
Let q = -151 + 237. What is the units digit of q?
6
Suppose 0 = 11*n - 16*n + 900. What is the hundreds digit of n?
1
Let d(j) = 6*j**2 + 2*j + 6. What is the tens digit of d(-4)?
9
Suppose -804 = -3*a - 6*r + 9*r, -4*a = 3*r - 1065. What is the hundreds digit of a?
2
Let s = -37 + 72. Suppose -3*z = -8*z + s. What is the units digit of z?
7
Suppose 0 = f - 14 - 18. What is the units digit of (-2)/(-3) + f/6?
6
Let v = 1 - 2. Let i(x) = 13*x**2 + 1. What is the tens digit of i(v)?
1
Let w(h) = -8*h + 1. What is the tens digit of w(-5)?
4
Suppose -4*f = -6*f - 24. What is the units digit of (-9)/f - 904/(-32)?
9
Let f be (-5 + 6)/(-1 - 0). Let m(s) = -s - 7. Let c be m(-6). What is the tens digit of -6*(-2 + (c - f))?
1
Suppose 1 = 4*h - 7. Suppose 4*m = h*m + 10. Suppose 4*y - m*x = 16, 3*y + 8*x - 4*x - 12 = 0. What is the units digit of y?
4
Suppose -5*a - v + 251 = 0, 0*v - 4*v = a - 35. What is the units digit of a?
1
Let i = -56 - -79. Let h be (-330)/(-8) + 9/12. Let u = h - i. What is the tens digit of u?
1
Suppose 13*v - 9*v - 940 = 0. What is the tens digit of v?
3
Suppose 0 = -3*n + 27 + 69. What is the units digit of n?
2
Suppose 3*l = 7*l - 28. Let g = -3 + l. Suppose -n = -2 - g. What is the units digit of n?
6
Let i = -43 - -76. What is the units digit of i?
3
Suppose 0 = -2*z + 3*z - 181. What is the tens digit of z?
8
Let x = 0 - -5. Suppose 2*n = 15 - x. What is the units digit of n?
5
Suppose 0 = i + 3*i - 4. Let g = 8 - i. What is the units digit of g?
7
Let c(k) = k**2 + 3*k + 9. What is the units digit of c(-4)?
3
What is the units digit of 3/12 + (-1057)/(-28)?
8
Let g(z) = z**3 + 5*z**2 + 3*z - 4. Let y be g(-3). Suppose 1 = j + y*w - 0, -7 = -j - 3*w. What is the units digit of j?
6
What is the units digit of ((-246)/(-15))/((-6)/(-15))?
1
Suppose -2*z - i = -7, -2*i - 11 = -z - 0*z. Suppose -s + 0*u = -3*u - 29, z*s + 5*u - 125 = 0. Suppose 0 = -5*c + s + 4. What is the units digit of c?
6
Let f(v) = -7*v**3 + 2*v**2 + v. Suppose 2*l + k = 5*k, -5*l = 4*k - 42. Let x be 6/4*l/(-9). What is the units digit of f(x)?
8
Let g = -25 + 39. Let f = 30 - g. What is the tens digit of f?
1
Let g(y) = y**3 - 16*y**2 - y. What is the hundreds digit of g(17)?
2
Let z(f) = -14*f - 1. What is the tens digit of z(-1)?
1
Let f(c) = -7*c + 20. What is the units digit of f(-4)?
8
Let u = 10 - 32. Let w = 34 + u. What is the tens digit of w?
1
Let v(h) = -h**3 - 5*h**2 - h - 7. Let r be v(-5). Let o be (-1)/r - 5/(-2). Suppose -2*i + 7 = o*i + 3*g, 2*g = 3*i - 8. What is the units digit of i?
2
Let r(l) = -l + 5. What is the tens digit of r(-7)?
1
Let u = 45 - 79. Let l = -21 - u. What is the units digit of l?
3
What is the units digit of ((-55)/3 + 0)*-15?
5
Suppose -3*v - 4*k + 2*k = -104, 33 = v - k. Let h = 50 - v. What is the tens digit of h?
1
Let w = 74 - -5. What is the tens digit of w?
7
Let h(x) = -x - 7. Let y be h(-6). Let q be ((-2)/(-5))/(y/(-5)). Suppose 0 = 3*g - 8*g + 2*t + q, -4*g - 5*t + 28 = 0. What is the units digit of g?
2
Suppose 0 = 3*n - 3 - 6. Suppose -7*l + 24 = -n*l. What is the units digit of l?
6
What is the units digit of 17/6 - 4/(-24)?
3
Let z be ((-4)/(-8))/(1/20). Suppose 2*l = 3*l + y - 14, 0 = 2*y - z. Suppose -15 = -3*c + l. What is the units digit of c?
8
Suppose 3*n - 2*n = 2. Suppose -2*q + p - 3 = -q, -3*q - n*p + 16 = 0. What is the units digit of q?
2
Suppose -3*u - 2*t + 40 = 0, 2*u + 2 = t + 17. Let w be (-8)/16 - u/(-4). Suppose 0*y + 34 = 5*y - 3*r, -y - r + w = 0. What is the units digit of y?
5
Let s(f) = -f**2 - 11*f - 13. Let k be s(-9). Suppose w + 149 = 5*y, -3*y = -k*w - 31 - 54. What is the tens digit of y?
3
Let g = 8 - -5. What is the tens digit of g?
1
Let y(d) = 5*d**2 - 4*d - 4. Let t(m) = -9*m**2 + 7*m + 8. Let s(f) = 6*t(f) + 11*y(f). What is the units digit of s(2)?
4
Let i(q) be the first derivative of -2*q**2 - 3*q + 2. Let j be i(-2). Suppose 1 = j*f - 19. What is the units digit of f?
4
Let a(v) = v**2 - 8*v - 15. Let m be a(12). Suppose 0 = -3*u - n + 60, 4*u - 4*n - m = 3*u. What is the tens digit of u?
2
Suppose -2*p = -1 + 9. Let b(c) be the third derivative of c**6/120 + c**5/12 + c**4/6 + c**3 + c**2. What is the units digit of b(p)?
6
Suppose 5 = 2*a - 4*d + 1, 5*a - 4*d - 10 = 0. Suppose 0 = -a*h + 19 - 3. What is the units digit of h?
8
What is the units digit of (49/21)/(2/6)?
7
Suppose 0*c = 2*c + 2*u - 330, 5*c - 4*u - 816 = 0. What is the hundreds digit of c?
1
Suppose 29 - 204 = -5*l. Suppose -l = -n - 5*f, f = 3*n - 40 - 1. What is the tens digit of n?
1
Suppose -4*a = -a - 2*j - 215, 5*j - 10 = 0. What is the tens digit of a?
7
Let f(z) = z**2 - 2. Let w be f(-2). What is the units digit of 3 - (-1 + w) - 1?
1
Let q(n) = -5*n - 1. Let d be q(11). Let w = -38 - d. What is the units digit of w?
8
Let x be 1/(-2 - 2/(-2)). Let h(z) = -5*z**2 - z + 1. Let v(q) = q**2. Let o(i) = x*h(i) + 2*v(i). What is the units digit of o(1)?
7
Let x be -2 - (-2)/(6/15). Suppose -x*w + 9 = -0*w. Suppose -w*j + 4*j - 4 = 0. What is the units digit of j?
4
Let w = 0 + 4. Let s = -6 + w. What is the units digit of s/(-11) + (-371)/(-77)?
5
Let a(z) = 282*z**2 + 3*z - 4. What is the units digit of a(1)?
1
Let a be (-16)/(-6) - (-3)/9. Let f = a + -3. Suppose 4*s - 4 + f = 0. What is the units digit of s?
1
Let f(m) = m**3 - 4*m**2 + 2*m - 10. Let s be f(3). Let a be (-2)/(-8) + (-29)/4. Let o = a - s. What is the units digit of o?
6
Suppose 3*m + 518 = 17*m. What is the units digit of m?
7
Suppose 3*i - 319 = 5*o, -5*o = 5*i - 4*o - 541. Suppose x + 3*x = -i. Let j = 41 + x. What is the tens digit of j?
1
Let n be (-2 + 4 + 0)*12. Suppose 0*f - 48 = -3*f. Let j = n - f. What is the units digit of j?
8
Suppose -4*w + 15 = w. What is the units digit of (-2)/((2/w)/(-2))?
6
Let k(q) = 85*q**2 + q - 1. What is the tens digit of k(1)?
8
Let w be (-140)/15*6/(-4). Let x(n) = n**3 - 3*n**2 - 3*n - 1. Let h be x(4). Let t = w - h. What is the units digit of t?
1
Suppose 5 + 4 = a. Let u = 6 + a. Suppose -2*h - h + u = 0. What is the units digit of h?
5
What is the units digit of (3/2)/(30/460)?
3
Suppose -5*a - 41 = -2*q, 5*a - 25 = -q + 3*a. What is the units digit of q?
3
Suppose 3*v + w - 7 = -w, 4*v = -4*w + 12. Let t = v - -1. Suppose t*n - n - 1 = 3*r, -7 = 5*r - 3*n. What is the units digit of r?
1
Let b be 2/3 + 2/6. Let c be b/3 + 10/6. Suppose -c*s = -0 - 10. What is the units digit of s?
5
Let a be -3*((-4)/(-6))/1. What is the units digit of (0 - -22) + a + 2?
2
Let q(f) = f**2 + 2*f + 5. Let x be q(-5). Let d = -11 + x. What is the units digit of d?
9
Let z(a) be the first derivative of -a**2 - 5*a - 5. What is the tens digit of z(-11)?
1
Let o be (-3)/(-3) - (3 + -7). Suppose -23 = -3*h - 3*l + 10, -o*h + 5*l + 75 = 0. What is the units digit of h?
3
Suppose -2*z + 4*d + 78 + 20 = 0, 190 = 4*z - 2*d. What is the units digit of z?
7
Let p be 0/(3/(-1 + 4)). Suppose p*f + 28 = f. What is the tens digit of f?
2
Let k(u) be the first derivative of 4*u**3/3 + u**2 - u - 1. What is the units digit of k(1)?
5
What is the tens digit of (-80)/(-15)*18/8?
1
Suppose -2*m = -4*m - 6. Let f = 13 + -12. What is the units digit of -3 + ((-18)/m)/f?
3
Let q(t) = 4*t**3 - t**2 + t. Suppose -5*n + 12 = -4*v, -2*n + 3 = -3*v + 1. Let b be (0 + 2/8)*n. What is the units digit of q(b)?
4
Let t(k) = -3*k + 3. Let z be t(-5). Suppose 2*m = -2*w + z, 0 = -2*m - 0*m. What is the units digit of w?
9
Suppose 65 = -2*k + 283. What is the tens digit of k?
0
Let i(g) = g. Let j(d) = 3*d + 3. Let n(q) = 2*i(q) - j(q). What is the units digit of n(-4)?
1
Let k be 1/3 + (-7)/3. Let h = k - -4. What is the units digit of h?
2
Suppose m - 60 = -2*m. Let t = m - 14. What is the uni